en 213 is divided by ((-36)/15)/(2 - 184/90)?
51
Let i be (-36)/(-2)*5/15. Let r = 11 - 7. What is the remainder when 23 is divided by r/i + 102/9?
11
Suppose 1 = -2*s + 53. What is the remainder when s is divided by 15?
11
Let y = 3 + -1. Suppose -3*r = -4*u + 26, 0*r - 2*r = 2*u - 6. Calculate the remainder when 21 is divided by r/(-1)*11/y.
10
Suppose 2*k - 26 = -3*n, 5*k - n - 47 = -4*n. Calculate the remainder when k is divided by 4.
3
Suppose -5*v + 4 = 5*d - 21, -32 = -5*v + 2*d. Suppose -v*j + 125 = -j. What is the remainder when j is divided by 14?
11
Let h(b) = b + 10. Let i be h(-10). What is the remainder when 16 is divided by (4 - (1 - i)) + 3?
4
Suppose -6 + 18 = 2*o. Let c(m) = m**3 - 4*m**2 - 7*m + 3. What is the remainder when c(o) is divided by 17?
16
Let u be (-39)/(-6) + (-2)/4. Suppose -2*m + u*m = 220. Calculate the remainder when m is divided by 1/(-2) - (-117)/6.
17
Suppose -4*p - 4 = 0, 4*v + 40 = v - 4*p. Let t = v - -25. Calculate the remainder when 51 is divided by t.
12
Let q = -13 - -23. Suppose r = -0 + q. What is the remainder when 28 is divided by r?
8
Suppose -5 = -2*q + 1. Suppose -q*k + 20 = 2*k. What is the remainder when 9 is divided by k?
1
Suppose 0 = x - 13 + 1. Calculate the remainder when 33 is divided by x.
9
Let x(n) = -n - 7. Let g be x(-11). Suppose 0 = g*d - 5*w + 8, 3*d - 3*w + 3 + 0 = 0. Calculate the remainder when 5 is divided by d.
2
Suppose -2*f + 5*h + 19 = -23, 4*f + h = 40. Let k(g) = -g**3 - 6*g**2 - 4*g + 7. Calculate the remainder when k(-6) is divided by f.
9
Suppose -1 = -3*h + 2*h. Suppose 0 = 2*b - 5 + h. Calculate the remainder when 2 is divided by b.
0
Suppose -5*p = -13 + 3. Calculate the remainder when 5 is divided by p.
1
Suppose 2*t - t - 30 = 0. Suppose -k = k - t. Calculate the remainder when 2/(-4) - 89/(-2) is divided by k.
14
Let p(w) = 2*w**2 + 3*w + 4. Suppose -11 = 2*l - 27. Calculate the remainder when p(-3) is divided by l.
5
Let x = 6 - 4. Suppose -2*u + 76 = x*u. Let a = u - 10. Calculate the remainder when 26 is divided by a.
8
Suppose z + 5*w = 20, 0 = 2*z + 2*z - 4*w + 16. What is the remainder when 26 is divided by -3 - (z - (-34)/(-2))?
12
Let w(f) = -f**3 - 4*f**2 + f + 3. Let j be w(-3). Let n(k) = k**3 + 10*k**2 + 6*k - 4. What is the remainder when n(j) is divided by 6?
5
Let n(t) = -2*t**3 - 2*t**2 + 3*t. Let d be n(-4). Suppose -7*l + d = -3*l. What is the remainder when l is divided by 11?
10
Suppose -3*o + 46 = -2*q, q + 17 = 4*o - 3*o. Calculate the remainder when o is divided by 4.
0
Suppose 4*f - 35 = 17. What is the remainder when 63 is divided by f?
11
Let n(f) = f**2 - 6*f + 2. Let p be n(6). Suppose -p*j + 0 + 8 = 0. Calculate the remainder when (-2)/j*(-10 + 0) is divided by 2.
1
Suppose 2*d + 0*d - 49 = -5*l, -3*l + 29 = d. Calculate the remainder when 22 is divided by l.
4
Suppose 0 = 3*r + 2*r - 780. Let k be r/9*(-2 - 1). Let j = -24 - k. Calculate the remainder when j is divided by 10.
8
Calculate the remainder when (-1)/4 + (2536/32 - -7) is divided by (1 + -1 - -1) + 21.
20
Calculate the remainder when -5 + 2 + 2 - -36 is divided by 9.
8
Suppose b = -4*i - 0*b + 41, -20 = -4*b. Let o(w) = 5*w - 4. Suppose 5*a - 2*a - 42 = 0. What is the remainder when o(i) is divided by a?
13
Let y be (2 + (-24)/10)*-10. What is the remainder when 22 is divided by y/(-10) - 124/(-10)?
10
Suppose -5*h = -14 - 1, -3*h + 23 = -2*f. Let n = -3 - f. Suppose 4*j = j + 27. Calculate the remainder when j is divided by n.
1
Suppose 4*s - 15*s = -44. What is the remainder when 17 is divided by s?
1
Let i(l) = 7*l + 2 - l**2 + l - 7. Suppose -3*g = 5*f - 21, -f + g - 27 = -6*f. What is the remainder when i(f) is divided by 4?
3
Let v(w) = -w**3 + 8*w**2 - 8*w + 7. Let n be v(7). Suppose -3*d = -n*d - 75. What is the remainder when d is divided by 134/10 + 12/(-30)?
12
Let y(l) = 7*l**3 + 3*l**2 + 2*l - 9. What is the remainder when y(3) is divided by 24?
21
Let u(y) = y**3 - 5*y**2 - 2*y + 8. Suppose 4*b - 5*q = 49, 2*b + 5*q - 9*q - 26 = 0. Calculate the remainder when u(6) is divided by b.
10
Let u = 326 - 181. What is the remainder when u is divided by 50?
45
Calculate the remainder when 151 is divided by (6/(-8))/(3/(-204)).
49
Suppose 0 = -5*h - 4*j + 102, 7*h - 45 = 4*h + 3*j. What is the remainder when h is divided by 5?
3
Let g(y) = -y**2 + 8*y - 8. Suppose 3*v = 2*v + 6. Calculate the remainder when v is divided by g(6).
2
Suppose 4*x = -3*o + 4*o + 6, 45 = 5*o + 5*x. What is the remainder when ((-4)/12)/(2/(-30)) is divided by o*(-1 - 9/(-6))?
2
Let t = 153 - 85. Calculate the remainder when t is divided by 24.
20
Let h(i) = i**3 - 6*i**2 - 7*i + 10. Let b = 48 - 19. What is the remainder when b is divided by h(7)?
9
Let k(q) = q - 4. Let y be k(6). Suppose -4*p + o = -20, -y*o - o = -2*p + 20. Let x(h) = -h**2 - 8*h - 4. What is the remainder when x(-5) is divided by p?
3
Suppose -4*v = -21 + 1. Suppose 10 = -b - v*a + 29, -3*b = 5*a - 47. What is the remainder when 40 is divided by b?
12
Suppose 289 = 3*q + 4*s, 2*q - 4*s = -0*s + 206. Suppose -2*g - 94 - 40 = 2*y, -4*g = -5*y + 268. Let i = g + q. What is the remainder when i is divided by 11?
10
What is the remainder when (-2)/9 - (-224)/36 is divided by (-1)/5 - (-126)/30?
2
Let s = -49 - -109. Calculate the remainder when s is divided by 8.
4
Suppose n + 2*b - 5 = -6, -3*n = -3*b - 24. Calculate the remainder when 7 is divided by n.
2
Let y be ((-6)/(-12))/(1/8). Suppose -q + 4*h = 18, -4*q + 2 = y*h - 6. What is the remainder when 44 is divided by (q - 0)/(-2) + 14?
14
Let p = -214 + 493. Calculate the remainder when p/12 + (-1)/4 is divided by 13.
10
Suppose -151 - 9 = -5*i. Let l(b) = b**3 + 3*b**2 - 8*b - 3. Let z be l(-5). Let w = -2 - z. Calculate the remainder when i is divided by w.
10
Let k = 3 + 0. What is the remainder when 11 is divided by -3*(-3*1)/k?
2
Suppose -3*t + 129 - 108 = 0. Calculate the remainder when 17 is divided by t.
3
Let y = -47 + 72. Calculate the remainder when 47 is divided by y.
22
Let b = 44 - -3. What is the remainder when b is divided by 12?
11
Let h(t) = t**3 + 5*t**2 - 2*t - 5. Let b = -6 + 7. What is the remainder when (b - 15/6)*-24 is divided by h(-4)?
17
Suppose a = -a - 10. Let f = 15 + a. What is the remainder when 23 is divided by (-4)/5*f/(-1)?
7
Suppose 3*d + 0*d - 66 = 0. Let t = -10 + d. What is the remainder when 1 is divided by (-3)/9 + t/9?
0
Suppose -103 - 56 = -3*d + u, -5*u = 2*d - 123. Calculate the remainder when d is divided by 19.
16
Let z = -1 - -28. Suppose 4*y + 5*v = y + 42, -4*y = 4*v - 56. Suppose -j - y = -2*j. Calculate the remainder when z is divided by j.
13
Let a(j) = -j + 13. What is the remainder when 70 is divided by a(-11)?
22
What is the remainder when (21/9)/((-2)/(-30)) is divided by 19?
16
Suppose -5*n + 109 + 86 = 0. Calculate the remainder when n is divided by 10.
9
Suppose -5*s + 285 + 90 = 0. What is the remainder when s is divided by 26?
23
Let b(g) = -2*g - 9. Let q be b(-6). Let t = -3 + q. Let j = t - -7. What is the remainder when j is divided by 3?
1
Let c(s) = -s**3 + 4*s + 2. Suppose -73 = -4*h - 21. What is the remainder when c(-4) is divided by h?
11
Let z = 2 + 13. Let p(g) = -g**3 + 9*g**2 + 12*g - 11. Calculate the remainder when z is divided by p(10).
6
Let t(o) = o**3 + 2. Calculate the remainder when t(2) is divided by 3.
1
Suppose -4*a = -2*i + 46, -5*i - 3*a + 11 = -39. Let l = i - 9. What is the remainder when 15 is divided by l?
3
Let u be 1538/7 + (-4)/(-14). Let x = 6 - -16. Calculate the remainder when x is divided by 2/(-9) - u/(-18).
10
Let q be 410*(0 + (-2)/4). Calculate the remainder when 15 is divided by q/(-25) + 1/(-5).
7
Let u(g) = g**3 - 2*g**2 - 2*g - 3. Let y be u(3). Suppose -2*r + 3*c = -20, y = -r - 2*r - 3*c + 15. Calculate the remainder when 12 is divided by r.
5
Let c(i) = -3*i**3 - 2*i**2 + i - 4. Let k(b) = -b**3 + 3*b**2 + 5*b + 3. Let w be k(-3). Let s = -23 + w. Calculate the remainder when c(-3) is divided by s.
18
Suppose 5*t + 0*c - 75 = -5*c, 0 = -t - 5*c + 3. What is the remainder when t is divided by 10?
8
Let c(n) = n + 12. Suppose 2*i - i = 0. Suppose 2*r + 2*r = 28. Calculate the remainder when c(i) is divided by r.
5
Let n be 47/7 - (-4)/14. Let r(o) = o**2